mon divisor of 4447 and 3.
1
What is the greatest common factor of 20520 and 720?
360
What is the greatest common divisor of 1505 and 327488?
301
Calculate the highest common divisor of 3927 and 10200.
51
Calculate the greatest common divisor of 782 and 529874.
46
What is the greatest common divisor of 248 and 4008?
8
What is the highest common divisor of 208599 and 372?
93
Calculate the greatest common factor of 145475 and 50.
25
What is the highest common divisor of 178 and 71823?
89
What is the highest common factor of 2520 and 441?
63
Calculate the highest common factor of 301667 and 177.
59
Calculate the greatest common divisor of 44325 and 2715.
15
What is the greatest common factor of 334838 and 70?
14
What is the highest common factor of 2536 and 1232813?
317
Calculate the highest common factor of 90 and 229810.
10
What is the highest common factor of 175 and 6055?
35
Calculate the highest common divisor of 67082 and 1088.
34
Calculate the greatest common factor of 1543400 and 32.
8
What is the highest common factor of 675112 and 16?
8
Calculate the greatest common factor of 378777 and 8211.
357
Calculate the greatest common divisor of 1265 and 2001.
23
Calculate the highest common factor of 2784 and 4988.
116
Calculate the highest common factor of 6296 and 628813.
787
What is the highest common divisor of 5564 and 2080?
52
Calculate the highest common factor of 352 and 54164.
44
Calculate the highest common divisor of 113645 and 16065.
595
What is the highest common factor of 5299 and 183951?
757
What is the greatest common divisor of 3193 and 9269?
31
Calculate the greatest common divisor of 24428 and 992.
124
Calculate the highest common divisor of 335794 and 37900.
758
Calculate the highest common factor of 266032 and 64.
16
What is the greatest common divisor of 30 and 37610?
10
What is the highest common factor of 1183 and 105?
7
Calculate the greatest common factor of 16579 and 1124.
281
Calculate the highest common factor of 507 and 975130.
169
Calculate the highest common divisor of 2932 and 47.
1
Calculate the highest common factor of 1509991 and 476.
119
Calculate the greatest common divisor of 15 and 12015.
15
What is the highest common factor of 12095 and 2360?
295
What is the highest common factor of 286 and 103103?
143
What is the highest common divisor of 2 and 35782?
2
Calculate the highest common factor of 765 and 7290.
45
What is the greatest common factor of 838 and 358?
2
Calculate the highest common divisor of 774885 and 135.
15
What is the greatest common factor of 15 and 11178?
3
What is the highest common factor of 94369 and 2277?
253
Calculate the highest common factor of 1503000 and 18.
18
Calculate the greatest common divisor of 578543 and 49.
49
What is the highest common divisor of 2369 and 18643?
103
What is the highest common divisor of 692 and 2777342?
346
What is the highest common divisor of 1058354 and 2409?
803
What is the highest common factor of 56 and 3005044?
28
What is the highest common divisor of 360 and 95172?
12
What is the greatest common divisor of 70360 and 40?
40
Calculate the highest common factor of 525 and 40355.
35
What is the highest common factor of 14365 and 77740?
845
Calculate the greatest common factor of 11 and 213587.
11
What is the greatest common divisor of 320706 and 162?
54
Calculate the greatest common divisor of 44288 and 17152.
256
What is the highest common divisor of 1253 and 110194?
7
Calculate the highest common factor of 1036 and 152362.
14
What is the highest common factor of 20 and 47064?
4
Calculate the highest common divisor of 187375 and 1125.
125
What is the highest common factor of 76 and 43567?
19
What is the greatest common factor of 1155 and 65625?
105
What is the greatest common factor of 734288 and 16?
16
Calculate the greatest common factor of 130 and 1846.
26
Calculate the highest common factor of 1156 and 698.
2
What is the greatest common factor of 47472 and 432?
48
What is the highest common factor of 280 and 721?
7
Calculate the highest common factor of 178 and 8144657.
89
Calculate the highest common factor of 1155452 and 302.
302
What is the greatest common divisor of 606 and 296637?
303
Calculate the highest common divisor of 30 and 59595.
15
What is the highest common factor of 328 and 28456?
8
Calculate the greatest common factor of 21197 and 2585.
517
Calculate the highest common divisor of 3097 and 323.
19
Calculate the greatest common factor of 211715 and 3220.
805
What is the greatest common divisor of 15456 and 6720?
672
What is the greatest common factor of 17046450 and 450?
450
Calculate the greatest common divisor of 7 and 550.
1
Calculate the greatest common divisor of 7493 and 1357.
59
What is the greatest common factor of 12645 and 57?
3
What is the highest common divisor of 5964 and 60732?
84
What is the highest common factor of 27 and 32688?
9
What is the greatest common divisor of 13 and 211471?
13
What is the highest common divisor of 4080 and 3660?
60
Calculate the highest common factor of 129567 and 9.
3
Calculate the greatest common divisor of 204 and 387940.
68
Calculate the greatest common divisor of 480 and 2118480.
240
Calculate the highest common divisor of 160 and 986630.
10
Calculate the greatest common divisor of 3 and 5991.
3
What is the highest common divisor of 108 and 131364?
36
What is the highest common factor of 757020 and 15?
15
Calculate the greatest common factor of 5 and 124595.
5
Calculate the highest common factor of 347436 and 1188.
108
Calculate the greatest common factor of 99 and 7997.
11
What is the highest common factor of 232 and 612712?
232
What is the highest common divisor of 66 and 79431?
33
What is the highest common divisor of 303468 and 5700?
228
What is the greatest common factor of 752024 and 1456?
728
Calculate the greatest common factor of 7257 and 81795.
123
What is the highest common divisor of 7964 and 543?
181
Calculate the highest common divisor of 5685 and 480.
15
What is the greatest common divisor of 6336 and 24453?
99
Calculate the highest common divisor of 3383 and 14129.
199
What is the greatest common divisor of 69122 and 10336?
646
What is the greatest common factor of 60863 and 5808?
121
Calculate the greatest common divisor of 7023 and 45.
3
What is the greatest common divisor of 22 and 969947?
11
Calculate the highest common divisor of 406473 and 9493.
863
What is the greatest common divisor of 353136 and 1008?
336
What is the greatest common divisor of 770246 and 3177?
353
What is the highest common divisor of 102 and 2397?
51
What is the greatest common factor of 2048 and 4192?
32
Calculate the greatest common divisor of 237 and 69283.
79
Calculate the greatest common divisor of 567 and 3591.
189
Calculate the highest common divisor of 217 and 3493.
7
What is the greatest common factor of 1859 and 1677?
13
Calculate the highest common factor of 110 and 4190.
10
Calculate the highest common factor of 78624 and 896.
224
What is the greatest common factor of 1795696 and 112?
112
Calculate the greatest common divisor of 605778 and 102.
102
Calculate the highest common factor of 679 and 268399.
97
What is the highest common divisor of 51 and 85017?
51
Calculate the greatest common factor of 664 and 1475989.
83
Calculate the highest common divisor of 1126099 and 10712.
1339
What is the highest common factor of 46373 and 10349?
79
Calculate the highest common divisor of 103303 and 152.
19
What is the greatest common factor of 1392 and 688?
16
Calculate the greatest common factor of 983221 and 41.
41
Calculate the greatest common factor of 5382 and 4761.
207
What is the greatest common divisor of 141 and 9159642?
141
Calculate the greatest common factor of 80270 and 920.
230
Calculate the greatest common factor of 3595 and 100.
5
Calculate the greatest common divisor of 1563 and 183913.
521
Calculate the greatest common divisor of 280 and 114688.
56
Calculate the highest common divisor of 168 and 868.
28
Calculate the highest common factor of 66 and 173778.
66
Calculate the greatest common factor of 57 and 1032137.
19
What is the highest common factor of 2754 and 144?
18
Calculate the highest common divisor of 17 and 36431.
17
Calculate the greatest common divisor of 18